 (8*20/48)/(2/84) is divided by g.
46
Let i = 30600 + -30413. What is the remainder when 2224 is divided by i?
167
Let d be 2/(-8) - (-5679)/(-36). Let q = 178 + d. Suppose 16*w = 13*w + 21. What is the remainder when q is divided by w?
6
Let u = 60 - 111. Let o be 28/5*(1/((-18)/117) + 9). Let c = o - u. What is the remainder when c is divided by 34?
31
Let i = 2483 - 2438. Suppose -2*l = -5*l - 5*g - 3, -l + 4*g = 1. What is the remainder when 135 - (2 + 0/l) is divided by i?
43
Suppose 14*g = 47 + 51. Suppose -g*s + 54 = -4*s. What is the remainder when 47 is divided by s?
11
Let z(t) = -t**3 - 28*t**2 + t + 60. Let j be z(-28). Suppose 0 = -192*m + 190*m + j. Calculate the remainder when 29 is divided by m.
13
Suppose -g + 106 = -218. Suppose -3*s + g = -3300. Calculate the remainder when 82 is divided by s/56 - 4/7.
19
Let f = 3125 + -2787. What is the remainder when f is divided by 167?
4
Let v = 3824 + -3818. What is the remainder when 5584 is divided by v?
4
Suppose 185 = -5*t - 5*a, 0 = -2*t - 3*t + 5*a - 135. Let n = 8 + -4. Calculate the remainder when 4 + -4 + t/(-4) is divided by n.
0
Let j(f) = 206*f - 2797. Calculate the remainder when 364 is divided by j(14).
16
Suppose v - 6044 = 4*f, v - 6034 = -36*f + 38*f. Calculate the remainder when v is divided by 23.
21
Let l(r) = -r**3 + 25*r**2 - 5*r - 69. Calculate the remainder when l(24) is divided by 103.
78
Let s(z) be the second derivative of -z**3/6 + z**2/2 + 2*z. Calculate the remainder when 1/(6 - (2850/(-160))/(-3)) is divided by s(-5).
4
Suppose 6 = -2*q + 4*q. Let c be 1 - (-36 + (-9)/q). Suppose -3*l + 11*l = c. Calculate the remainder when l is divided by 4.
1
Let r be (-11 - (-372)/8)*24/(-2). Let u = 532 + r. Calculate the remainder when 421 is divided by u.
103
Let x = -17 + 27. Let p = -22201 + 22229. Calculate the remainder when p is divided by x.
8
Suppose -10*k + 12 = -9*k. Let n be (-8)/k*(-15)/2. Suppose -4*q + n*o = -21 - 24, -10 = 2*o. Calculate the remainder when 15 is divided by q.
0
Suppose -k = -1, 22*k + 8502 = 2*p + 20*k. What is the remainder when p is divided by 43?
38
Let l = -11518 - -11972. Calculate the remainder when l is divided by 52.
38
Let f(d) = d**2 - 3*d - 15. Let p be f(6). Let z(y) = 6*y**2 - 3*y - 6. What is the remainder when z(p) is divided by ((-10)/(10/3))/((-1)/5)?
9
Suppose 177 - 414 = -3*c + 39. Let j be (-3)/6*4/2. Calculate the remainder when c is divided by -1 - (2 + j) - -21.
16
Let x = -17 - -15. What is the remainder when 57 is divided by (1 - x)*(-2 - 400/(-30))?
23
Let y be 52/(-10)*(52/4 + 2). Let u = -77 - y. What is the remainder when 5 is divided by u?
0
Let z(o) = -o**2 - 155*o - 1639. Suppose f + 3*l = -2*f + 54, l = -4*f + 57. What is the remainder when z(-12) is divided by f?
12
Suppose 61472 = -404*n + 413356. What is the remainder when n is divided by 55?
46
Let i be 9/5*60/36. Suppose -f = -2*h - h + 69, 0 = -i*f - 9. Calculate the remainder when (-25)/150 - (-235)/6 is divided by h.
17
Suppose -3*a = -5*k - 35, -2*a - 4*k - 1 = 5. Calculate the remainder when 386 is divided by 0 + a - -32 - -6.
42
Let f = 26474 - 26431. What is the remainder when 912 is divided by f?
9
Let i = 256 + -207. Let p(t) = t**2 - 21*t - 35. Calculate the remainder when p(26) is divided by i.
46
Let v(m) = 4*m**2 - 10*m - 10. Let l be 20/25 - -4 - 2/(-10). Let t be (-2)/((12/(-75))/(2/l)). Calculate the remainder when v(t) is divided by 6.
4
Let z(x) = -5*x - 9. Let u be z(-1). What is the remainder when 88 is divided by (-145)/(20/u) - -4 - 2?
26
Let q = -157 - -221. Suppose -q*g = -59*g - 290. What is the remainder when g is divided by 5?
3
What is the remainder when 842 is divided by (-329 + 352)*(-14)/(-2)?
37
Let k(v) = -v**3 - 15*v**2 + 31*v - 14. Suppose 100 - 270 = 10*c. Calculate the remainder when k(c) is divided by 13.
11
Let u(g) = -9*g**3 - 16*g**2 + 12*g + 16. Calculate the remainder when 323 is divided by u(-3).
7
Let c be (-4)/18 + (-2603)/(-171). Let o be 496/20 - (-3)/c. What is the remainder when -2*o/30*-33 is divided by 20?
15
Suppose 2*t + 5*p - 124 + 84 = 0, -98 = -4*t - p. What is the remainder when 3110 is divided by t?
10
Calculate the remainder when 5654 is divided by (11 - 2) + (6/1 - (-1980)/11).
194
Let v(d) = 4*d**2 - 21*d - 61. Let y(a) = 41*a + 120. Let q be y(-3). What is the remainder when 106 is divided by v(q)?
30
Suppose -6*h - 183 - 111 = 0. Let k = h + 53. What is the remainder when 131 is divided by k?
3
Suppose -3*g = 8*k - 3*k - 5, 1 = -g - 3*k. What is the remainder when 11 + -20 + 524/(-4)*-1 is divided by 19 + g*8/20?
17
Let n(m) = -4*m - 15. Let l(q) = -24*q**2 - 68*q - 1. Let r be l(-3). Calculate the remainder when n(r) is divided by 29.
8
What is the remainder when 145/5*41 - (51 + -43) is divided by 8?
5
What is the remainder when ((-501)/(-12))/1*4 is divided by ((-1794)/(-52))/3 - (-3)/(-2)?
7
Let m(z) = -z**2 - 31*z + 39. Suppose b + o - 9 = -9, o = 0. Calculate the remainder when 270 is divided by m(b).
36
Let p(d) = d**3 + 12*d**2 + 10*d + 141. Calculate the remainder when 934 is divided by p(-12).
10
Suppose -4*h - 131 - 1 = 0. Let v = h - -53. Let n(r) = 328*r + 6922. Calculate the remainder when n(-21) is divided by v.
14
Suppose 0 = 5*x - 85 + 15. Let y be ((-6)/(-2))/(3 + 6/(-4)). Calculate the remainder when x is divided by 2*(-2 - (y - 8)).
6
Let g be (51/4)/(-17) - (-1502)/8. Suppose 9*y - g = -151. What is the remainder when 255 is divided by y?
3
Suppose 46 - 62 = -4*s, 286 = 2*c - 5*s. Let n = -20 + 47. Calculate the remainder when c is divided by n.
18
Let v = 926 - 894. Calculate the remainder when -48*4/(-4) + (-5)/(-5) is divided by v.
17
Let u = 839 + 2929. Suppose 0 = 5*i - 29*i + u. What is the remainder when i is divided by 42?
31
Suppose 3*f + 5*x - 189 = -37, f - 64 = 5*x. What is the remainder when f is divided by (-308)/(-26) + (-18)/(-117)?
6
Let k be 64/3 + -2 + (-8)/(-12). Suppose k*z + 38 = 22*z. Calculate the remainder when 94 is divided by z.
18
Let v(y) = -2*y**3 - 3*y**2 - 2*y - 4. Suppose 25*k = 26*k + 2. Calculate the remainder when 9 is divided by v(k).
1
What is the remainder when 358 is divided by -18*((-12)/(-4) + 1 + -8)?
70
Suppose 0 = k, -3*n + 18 + 15 = 5*k. Suppose -3*j = -2*r + 4*r - 21, 0 = -2*r - 4*j + 22. What is the remainder when 3/r - (-3 + 188/(-12)) is divided by n?
8
Let u = 111 - -1. Let m = 24 - u. Let l = 122 + m. What is the remainder when l is divided by 18?
16
Suppose 4*b - x - 616 = 0, 4*b + 3*x = 242 + 374. Suppose 0 = -156*n + b*n + 114. Suppose 2*y = 12 + 30. Calculate the remainder when n is divided by y.
15
Let p be (2 + -4)/((12/33)/4). Let t = 29 + p. Calculate the remainder when (-6)/t*168/(-4) is divided by 13.
10
Let v(c) be the second derivative of -36*c**5/5 + c**4/12 + c**3/3 + c**2/2 - c + 16. What is the remainder when v(-1) is divided by 29?
28
Calculate the remainder when 2128 is divided by ((-202)/(-1))/(20 + (-1450)/75).
7
Let u(x) = x**3 + 26*x**2 + 24*x + 93. Let q be (-2)/(-3)*195/10. What is the remainder when u(-25) is divided by 10/6*(q + -1)?
18
Let o = -110 + 221. Calculate the remainder when o is divided by (-104)/91 - (-142)/14.
3
Suppose 299 = 14*k - 597. Let j = -332 + 522. What is the remainder when j is divided by k?
62
Let j(q) = -15*q**3 + 25*q**2 + 43*q - 8. What is the remainder when j(-3) is divided by 119?
17
Suppose 6*o + 1 = 31. Suppose 2*t + 2*l = 28, -3 + 23 = o*l. Suppose -2*i + t*i = 112. Calculate the remainder when 40 is divided by i.
12
Let r(j) = 11*j**3 + 26*j**2 - 153*j + 12. What is the remainder when r(5) is divided by 17?
14
Let f(x) = 2*x**2 - 4*x - 6. Let g(a) = a**3 - 21*a**2 - 22*a + 9. Let u be g(22). What is the remainder when f(u) is divided by 41?
38
What is the remainder when (-144)/(-120) - (11545/(-25) + 2) is divided by 156?
149
Suppose 8*i + 27*i = 59*i - 1152. Calculate the remainder when 204 is divided by i.
12
Suppose -p + 366*i = 363*i - 403, 2*p - 762 = -5*i. Calculate the remainder when p is divided by 66.
61
Let y(p) = -211 + 224 + 0*p - p. Let j be 3/(-9) - (-13)/3. Calculate the remainder when 33 is divided by y(j).
6
Suppose -222*b + 218*b + 35748 = -4*u, 0 = b + 5*u - 8979. Calculate the remainder when b is divided by 23.
20
Let z = 612 + 4